is the remainder when 62 is divided by d?
14
Suppose -2*v - 4*l + 18 = 0, -2*l + 0*l - 6 = -4*v. Suppose -v*o + 36 = 2*i + i, 20 = 4*i. Calculate the remainder when 18 is divided by o.
4
Let w(b) = -b**2 + 9*b - 5. Let f be w(8). Let v(j) = j**3 - 3*j**2 - j + 1. Let z be v(f). Calculate the remainder when 32 is divided by (z + 33/(-9))*-3.
15
Suppose 0 = -4*a, 0 = 2*c + 2*a - 11 - 19. Suppose -c = -g - 3. Calculate the remainder when (33/(-2))/((-9)/12) is divided by g.
10
Suppose -3*i = 2*k - 16, 0 = -0*i - i - k + 7. Suppose i*q - 32 = 162. Calculate the remainder when q is divided by 33.
31
Let y(a) = a**3 + 6*a**2 + a. Let q(u) = u**2 + u. Let n(j) = 3*q(j) - y(j). Suppose 0*b - 115 = -5*b. Calculate the remainder when b is divided by n(-4).
7
Let j = 71 - 47. Let d(w) = w**3 - 5*w**2 + 6*w + 2. Let y be d(5). Let p = y - 19. What is the remainder when j is divided by p?
11
Calculate the remainder when 97 is divided by -2*((-231)/(-2))/(-7).
31
Let o be -2 + 3 + (11 - 2). Suppose 0 = -2*j + 4*z + o, 2*z + 0*z + 33 = 5*j. Calculate the remainder when 1/(-3) - (-74)/6 is divided by j.
5
Let j be (-1 - 170/2)*-1. Suppose -13*n + j = -11*n. Calculate the remainder when n is divided by 15.
13
Let v(g) = 2*g**2 - 6*g - 11. Suppose 14 = -0*m + m. Calculate the remainder when v(8) is divided by m.
13
Suppose -5*k + 13 = -4*j, -k = -5*j - 2*k + 20. Let l = -8 - -12. Suppose 4*c - 28 = l. What is the remainder when c is divided by j?
2
Calculate the remainder when 534/10 - (3 + 52/(-20)) is divided by 28.
25
Let f = 55 - 33. Let w(r) = -r**2 - 8*r - 3. What is the remainder when f is divided by w(-5)?
10
Let w = 3 + -6. Suppose 6*f + 10 = f. What is the remainder when 16 is divided by 4/(4/w - f)?
4
Let o = 66 + -58. Suppose 2*z + z - 15 = 0. Calculate the remainder when o is divided by z.
3
Let t(g) = -2*g + 11. Let r be t(-10). Let b = r + 8. What is the remainder when b is divided by 10?
9
Suppose p = 4*p - 60. Let c = 34 - p. What is the remainder when 27 is divided by c?
13
Let d(j) = 4*j - 6. Calculate the remainder when 74 is divided by d(8).
22
Let w be (-29)/3 + 12/(-36). Let b = w - -19. Calculate the remainder when b is divided by 3.
0
Suppose 2*w - 11 = -2*s + s, 5*w = -25. Let x = -3 + s. What is the remainder when x is divided by 10?
8
Let o = 116 + -104. What is the remainder when 53 is divided by o?
5
Suppose 17 = 11*b - 10*b. Calculate the remainder when 65 is divided by b.
14
Let x(q) = q**3 + 4*q**2 - 4*q + 7. Let b be x(-5). Suppose 61 + b = -5*t - f, 4*f - 24 = 3*t. Calculate the remainder when 15 is divided by 4*(-2)/t*12.
7
Let t(f) = 65*f. Let s(k) be the second derivative of k**4/12 - k**3/6 + k**2/2 - k. Let d be s(0). Calculate the remainder when t(d) is divided by 22.
21
Let u(r) be the first derivative of -r**4 - r**3/3 - r**2/2 - r - 3. What is the remainder when 8 is divided by u(-1)?
2
Suppose 0 = -n + 3, 2*g - g + 3*n - 11 = 0. Suppose -8 = -2*j, 4*j + 1 + 3 = g*u. Suppose 2*s = 4*s - 36. What is the remainder when s is divided by u?
8
Let n = 10 - 10. Let s(l) = -l**3 - l + 16. What is the remainder when 45 is divided by s(n)?
13
Suppose -2 - 1 = 4*s - 3*i, 3*i = 3. Let c be (4 - s)*1/(-2). Calculate the remainder when 3/1 - -38 - c is divided by 11.
10
Let l = -3 + 5. Suppose 3*d + 21 = -2*b, b = l*d + 2*d + 6. Let f = 14 + b. What is the remainder when 15 is divided by f?
7
Let r be (-70)/(-15)*3/2. Suppose -r = d - 4*z, d + d = 4*z + 6. Let n = -36 + 60. What is the remainder when n is divided by d?
11
Calculate the remainder when 1266/10 - (-16)/40 is divided by 26.
23
Let g(r) = -7*r. Let m(u) = -5*u. What is the remainder when g(-2) is divided by m(-1)?
4
Suppose 5 - 29 = -4*h. What is the remainder when 34 is divided by (1 + -4)*h/(-2)?
7
Let o(i) = -2*i**3 + i**2 + 2*i. Calculate the remainder when 43 is divided by o(-2).
11
Let r(q) = -q + 21. Let z(a) = -a**2 + 5*a + 3. Let l be z(5). Let u = -3 + l. What is the remainder when r(u) is divided by 11?
10
Suppose 4*k - 13 - 6 = -g, -g - 5*k + 23 = 0. Suppose 0 = -2*n - g*n. Let u = 16 + n. Calculate the remainder when u is divided by 6.
4
Suppose -2*w - 3*w + 145 = 4*o, 2*o = 2*w - 76. Suppose -24 - w = -a. Calculate the remainder when a is divided by 15.
12
Let z(c) = 5*c**2 + 5*c + 5 - 5*c**2 - 2*c + c**2. Calculate the remainder when z(-6) is divided by 8.
7
Let w(k) = -k + 16. Calculate the remainder when 7 is divided by w(12).
3
Suppose 0 = j + 1 - 5. Let y be (0/(0 + -3))/(-2). Suppose 3*i - j*s - 43 = y, -2*i = 3*s - 7*s - 34. What is the remainder when 34 is divided by i?
7
Let i(x) be the third derivative of x**4/24 - 3*x**3/2 + x**2. Let t be i(4). Let d = 3 - t. Calculate the remainder when 22 is divided by d.
6
Suppose -587 = -4*x - 2*f + 15, -3*x + 479 = -4*f. Suppose -o - x = -4*o. What is the remainder when o is divided by 13?
12
Let n = 66 - 52. What is the remainder when 36 is divided by n?
8
Let q = -11 - -15. Suppose -2*f + 353 = 5*x, -q*x + f - 69 = -341. Calculate the remainder when 6*(x/9 + 2) is divided by 20.
18
Suppose s - 1 = 2*s. Let f(a) = -a**3 + 5*a**2 + 3*a - 12. What is the remainder when 7*3/(-3)*s is divided by f(5)?
1
Suppose 17 = 2*q - 3*r + 5, 4 = -2*r. Suppose 0 = -5*b + 3 + 22. Let o(z) = z**3 - 4*z**2 - 4*z - 1. What is the remainder when o(b) is divided by q?
1
Calculate the remainder when 44 is divided by 1/(-2) + 3/((-12)/(-50)).
8
Let l = 15 + 43. Suppose 0 = d + d - l. What is the remainder when d is divided by 10?
9
Suppose x + 10 = 4*a - 9*a, 4*a = -4*x + 24. Let u = -9 + x. What is the remainder when u/4 + 637/28 is divided by 8?
7
Suppose -5*t - 1 = -11. Suppose -5*n + 8 = -t. What is the remainder when 3 is divided by n?
1
Let y(r) = r**3 - 11*r**2 + 17*r + 21. Calculate the remainder when 47 - 2/(-2)*-1 is divided by y(9).
10
Suppose -2*w = -5 - 9. Suppose w = 5*s - 8. What is the remainder when (-147)/(-9) + (-1)/s is divided by 6?
4
Let k(v) = v**3 + 11*v**2 + 18*v + 9. Calculate the remainder when 35 is divided by k(-9).
8
Let p(h) = -h**3 + 7*h**2 - 4*h + 2. Suppose 4*d - 109 + 325 = 4*a, 3*d + 272 = 5*a. Calculate the remainder when a is divided by p(6).
13
Let q(h) be the second derivative of 4*h**3/3 - 5*h**2/2 - h. What is the remainder when q(2) is divided by 4?
3
Let x be 6/(-9)*30/4. Let n = 54 + x. Suppose 14 = 4*z - 54. Calculate the remainder when n is divided by z.
15
What is the remainder when (-1 - -4 - 56)/(-1) - 0 is divided by 5?
3
Suppose -6 = 3*i - 0. Calculate the remainder when 7 is divided by i - -6 - (-2 - -2).
3
Let f = 21 + -19. Let h(o) = 3*o - 2 - 1 + 1. Calculate the remainder when 7 is divided by h(f).
3
Suppose -r + 3*r - 18 = 0. Let b = -2 + 32. Let f = -4 + b. What is the remainder when f is divided by r?
8
Suppose 40 = 2*x + 2*y - 58, -2*y = -3*x + 172. Suppose 8*i - 5*i = 42. What is the remainder when x is divided by i?
12
Suppose 7 + 0 = g. Let z = 13 - g. Suppose 0*j - j - 5*h + 31 = 0, -5*j + 74 = -2*h. Calculate the remainder when j is divided by z.
4
Let g = 112 + -101. Let y be 1 - -3 - (1 - 1). Suppose y*k = -11 + 95. Calculate the remainder when k is divided by g.
10
Let s = 74 + -37. Suppose -8 = 2*q, 2*w - s - 71 = q. What is the remainder when w is divided by 18?
16
Let b = -101 + 158. Calculate the remainder when b is divided by 10.
7
Let d(i) = i**3 + 6*i**2 - 4*i - 8. Let s = -6 - 0. What is the remainder when 45 is divided by d(s)?
13
Calculate the remainder when 74 is divided by (13 - 0)*(1 - -2).
35
Let v(n) = -n**3 - 2*n**2. Let b be v(-2). Suppose -5*z + 6*z - 1 = b. Let p(j) = j**3 - 10*j**2 - 10*j - 9. What is the remainder when p(11) is divided by z?
0
Let q(f) = 3*f + 60. What is the remainder when 238 is divided by q(0)?
58
Suppose -2*b + 2*o + 67 = -19, -b + 59 = 3*o. What is the remainder when 185 is divided by b?
44
Suppose -5*u + 92 + 93 = 3*x, -5*u + 165 = -x. Calculate the remainder when 201 is divided by u.
31
Suppose -2*i + 3*i = -8. Let n be i/(-6)*30/4. Suppose 5*q - n = 35. Calculate the remainder when 16 is divided by q.
7
Suppose -2*h + 8 = -4. Let w(y) = y**2 - 8. Calculate the remainder when w(h) is divided by 10.
8
Let a be (14 - 0)*(-1)/2. Let x = 8 + a. What is the remainder when (-44)/(-2) - -2 - x is divided by 8?
7
Suppos